{"id":9,"date":"2026-04-23T07:41:50","date_gmt":"2026-04-23T07:41:50","guid":{"rendered":"https:\/\/balkanlitoptan.com.tr\/?page_id=9"},"modified":"2026-04-23T07:47:26","modified_gmt":"2026-04-23T07:47:26","slug":"9-2","status":"publish","type":"page","link":"https:\/\/balkanlitoptan.com.tr\/","title":{"rendered":"Ana Sayfa"},"content":{"rendered":"\n<figure class=\"wp-block-image alignwide size-full\"><a href=\"https:\/\/kapiyateslim.com.tr\"><img loading=\"lazy\" decoding=\"async\" width=\"1200\" height=\"400\" src=\"https:\/\/balkanlitoptan.com.tr\/wp-content\/uploads\/2026\/04\/Paragraf-metniniz-5.png\" alt=\"\" class=\"wp-image-11\" srcset=\"https:\/\/balkanlitoptan.com.tr\/wp-content\/uploads\/2026\/04\/Paragraf-metniniz-5.png 1200w, https:\/\/balkanlitoptan.com.tr\/wp-content\/uploads\/2026\/04\/Paragraf-metniniz-5-300x100.png 300w, https:\/\/balkanlitoptan.com.tr\/wp-content\/uploads\/2026\/04\/Paragraf-metniniz-5-1024x341.png 1024w, https:\/\/balkanlitoptan.com.tr\/wp-content\/uploads\/2026\/04\/Paragraf-metniniz-5-768x256.png 768w\" sizes=\"auto, (max-width: 1200px) 100vw, 1200px\" \/><\/a><\/figure>\n\n\n\n<h2 class=\"wp-block-heading has-text-align-center\"><strong>Toptan Sat\u0131\u015f\u0131n\u0131 Yapt\u0131\u011f\u0131m\u0131z Markalar<\/strong><\/h2>\n\n\n\n<div class=\"wp-block-columns is-not-stacked-on-mobile is-layout-flex wp-container-core-columns-is-layout-28f84493 wp-block-columns-is-layout-flex\">\n<div class=\"wp-block-column is-layout-flow wp-block-column-is-layout-flow\">\n<div class=\"wp-block-columns is-layout-flex wp-container-core-columns-is-layout-28f84493 wp-block-columns-is-layout-flex\">\n<div class=\"wp-block-column is-layout-flow wp-block-column-is-layout-flow\">\n<figure class=\"wp-block-image size-full\"><img loading=\"lazy\" decoding=\"async\" width=\"700\" height=\"400\" src=\"https:\/\/balkanlitoptan.com.tr\/wp-content\/uploads\/2026\/04\/logo-d1f0d3.jpg\" alt=\"\" class=\"wp-image-12\" style=\"aspect-ratio:4\/3;object-fit:cover\" srcset=\"https:\/\/balkanlitoptan.com.tr\/wp-content\/uploads\/2026\/04\/logo-d1f0d3.jpg 700w, https:\/\/balkanlitoptan.com.tr\/wp-content\/uploads\/2026\/04\/logo-d1f0d3-300x171.jpg 300w\" sizes=\"auto, (max-width: 700px) 100vw, 700px\" \/><\/figure>\n<\/div>\n\n\n\n<div class=\"wp-block-column is-layout-flow wp-block-column-is-layout-flow\">\n<figure class=\"wp-block-image size-full\"><img loading=\"lazy\" decoding=\"async\" width=\"225\" height=\"225\" src=\"https:\/\/balkanlitoptan.com.tr\/wp-content\/uploads\/2026\/04\/images-3.png\" alt=\"\" class=\"wp-image-14\" style=\"aspect-ratio:4\/3;object-fit:cover\" srcset=\"https:\/\/balkanlitoptan.com.tr\/wp-content\/uploads\/2026\/04\/images-3.png 225w, https:\/\/balkanlitoptan.com.tr\/wp-content\/uploads\/2026\/04\/images-3-150x150.png 150w\" sizes=\"auto, (max-width: 225px) 100vw, 225px\" \/><\/figure>\n<\/div>\n\n\n\n<div class=\"wp-block-column is-layout-flow wp-block-column-is-layout-flow\">\n<figure class=\"wp-block-image size-full\"><img loading=\"lazy\" decoding=\"async\" width=\"600\" height=\"600\" src=\"https:\/\/balkanlitoptan.com.tr\/wp-content\/uploads\/2026\/04\/cobanpinar.jpg\" alt=\"\" class=\"wp-image-15\" style=\"aspect-ratio:4\/3;object-fit:cover\" srcset=\"https:\/\/balkanlitoptan.com.tr\/wp-content\/uploads\/2026\/04\/cobanpinar.jpg 600w, https:\/\/balkanlitoptan.com.tr\/wp-content\/uploads\/2026\/04\/cobanpinar-300x300.jpg 300w, https:\/\/balkanlitoptan.com.tr\/wp-content\/uploads\/2026\/04\/cobanpinar-150x150.jpg 150w\" sizes=\"auto, (max-width: 600px) 100vw, 600px\" \/><\/figure>\n<\/div>\n<\/div>\n<\/div>\n\n\n\n<div class=\"wp-block-column is-layout-flow wp-block-column-is-layout-flow\">\n<div class=\"wp-block-columns is-layout-flex wp-container-core-columns-is-layout-28f84493 wp-block-columns-is-layout-flex\">\n<div class=\"wp-block-column is-layout-flow wp-block-column-is-layout-flow\">\n<figure class=\"wp-block-image size-full\"><img loading=\"lazy\" decoding=\"async\" width=\"1024\" height=\"1024\" src=\"https:\/\/balkanlitoptan.com.tr\/wp-content\/uploads\/2026\/04\/munzur-su-1024x1024-1.png\" alt=\"\" class=\"wp-image-16\" srcset=\"https:\/\/balkanlitoptan.com.tr\/wp-content\/uploads\/2026\/04\/munzur-su-1024x1024-1.png 1024w, https:\/\/balkanlitoptan.com.tr\/wp-content\/uploads\/2026\/04\/munzur-su-1024x1024-1-300x300.png 300w, https:\/\/balkanlitoptan.com.tr\/wp-content\/uploads\/2026\/04\/munzur-su-1024x1024-1-150x150.png 150w, https:\/\/balkanlitoptan.com.tr\/wp-content\/uploads\/2026\/04\/munzur-su-1024x1024-1-768x768.png 768w\" sizes=\"auto, (max-width: 1024px) 100vw, 1024px\" \/><\/figure>\n<\/div>\n\n\n\n<div class=\"wp-block-column is-layout-constrained wp-block-column-is-layout-constrained\">\n<figure class=\"wp-block-image size-full\"><img loading=\"lazy\" decoding=\"async\" width=\"600\" height=\"600\" src=\"https:\/\/balkanlitoptan.com.tr\/wp-content\/uploads\/2026\/04\/erikli-logo-png_seeklogo-48655.png\" alt=\"\" class=\"wp-image-18\" style=\"aspect-ratio:4\/3;object-fit:cover\" srcset=\"https:\/\/balkanlitoptan.com.tr\/wp-content\/uploads\/2026\/04\/erikli-logo-png_seeklogo-48655.png 600w, https:\/\/balkanlitoptan.com.tr\/wp-content\/uploads\/2026\/04\/erikli-logo-png_seeklogo-48655-300x300.png 300w, https:\/\/balkanlitoptan.com.tr\/wp-content\/uploads\/2026\/04\/erikli-logo-png_seeklogo-48655-150x150.png 150w\" sizes=\"auto, (max-width: 600px) 100vw, 600px\" \/><\/figure>\n<\/div>\n\n\n\n<div class=\"wp-block-column is-layout-flow wp-block-column-is-layout-flow\">\n<figure class=\"wp-block-image size-large\"><img loading=\"lazy\" decoding=\"async\" width=\"1024\" height=\"576\" src=\"https:\/\/balkanlitoptan.com.tr\/wp-content\/uploads\/2026\/04\/maxresdefault-1-1024x576.jpg\" alt=\"\" class=\"wp-image-17\" style=\"aspect-ratio:4\/3;object-fit:cover\" srcset=\"https:\/\/balkanlitoptan.com.tr\/wp-content\/uploads\/2026\/04\/maxresdefault-1-1024x576.jpg 1024w, https:\/\/balkanlitoptan.com.tr\/wp-content\/uploads\/2026\/04\/maxresdefault-1-300x169.jpg 300w, https:\/\/balkanlitoptan.com.tr\/wp-content\/uploads\/2026\/04\/maxresdefault-1-768x432.jpg 768w, https:\/\/balkanlitoptan.com.tr\/wp-content\/uploads\/2026\/04\/maxresdefault-1.jpg 1280w\" sizes=\"auto, (max-width: 1024px) 100vw, 1024px\" \/><\/figure>\n<\/div>\n<\/div>\n<\/div>\n<\/div>\n\n\n\n<div class=\"wp-block-columns is-not-stacked-on-mobile is-layout-flex wp-container-core-columns-is-layout-28f84493 wp-block-columns-is-layout-flex\">\n<div class=\"wp-block-column is-layout-flow wp-block-column-is-layout-flow\">\n<div class=\"wp-block-columns is-layout-flex wp-container-core-columns-is-layout-28f84493 wp-block-columns-is-layout-flex\">\n<div class=\"wp-block-column is-layout-flow wp-block-column-is-layout-flow\">\n<figure class=\"wp-block-image size-full\"><img loading=\"lazy\" decoding=\"async\" width=\"225\" height=\"225\" src=\"https:\/\/balkanlitoptan.com.tr\/wp-content\/uploads\/2026\/04\/images-2.jpeg\" alt=\"\" class=\"wp-image-19\" style=\"aspect-ratio:4\/3;object-fit:cover\" srcset=\"https:\/\/balkanlitoptan.com.tr\/wp-content\/uploads\/2026\/04\/images-2.jpeg 225w, https:\/\/balkanlitoptan.com.tr\/wp-content\/uploads\/2026\/04\/images-2-150x150.jpeg 150w\" sizes=\"auto, (max-width: 225px) 100vw, 225px\" \/><\/figure>\n<\/div>\n\n\n\n<div class=\"wp-block-column is-layout-flow wp-block-column-is-layout-flow\">\n<figure class=\"wp-block-image size-full\"><img loading=\"lazy\" decoding=\"async\" width=\"225\" height=\"225\" src=\"https:\/\/balkanlitoptan.com.tr\/wp-content\/uploads\/2026\/04\/images-2.png\" alt=\"\" class=\"wp-image-20\" style=\"aspect-ratio:4\/3;object-fit:cover\" srcset=\"https:\/\/balkanlitoptan.com.tr\/wp-content\/uploads\/2026\/04\/images-2.png 225w, https:\/\/balkanlitoptan.com.tr\/wp-content\/uploads\/2026\/04\/images-2-150x150.png 150w\" sizes=\"auto, (max-width: 225px) 100vw, 225px\" \/><\/figure>\n<\/div>\n\n\n\n<div class=\"wp-block-column is-layout-flow wp-block-column-is-layout-flow\">\n<figure class=\"wp-block-image size-full\"><img loading=\"lazy\" decoding=\"async\" width=\"225\" height=\"225\" src=\"https:\/\/balkanlitoptan.com.tr\/wp-content\/uploads\/2026\/04\/images-1.jpeg\" alt=\"\" class=\"wp-image-21\" style=\"aspect-ratio:4\/3;object-fit:cover\" srcset=\"https:\/\/balkanlitoptan.com.tr\/wp-content\/uploads\/2026\/04\/images-1.jpeg 225w, https:\/\/balkanlitoptan.com.tr\/wp-content\/uploads\/2026\/04\/images-1-150x150.jpeg 150w\" sizes=\"auto, (max-width: 225px) 100vw, 225px\" \/><\/figure>\n<\/div>\n<\/div>\n<\/div>\n\n\n\n<div class=\"wp-block-column is-layout-flow wp-block-column-is-layout-flow\">\n<div class=\"wp-block-columns is-layout-flex wp-container-core-columns-is-layout-28f84493 wp-block-columns-is-layout-flex\">\n<div class=\"wp-block-column is-layout-flow wp-block-column-is-layout-flow\">\n<figure class=\"wp-block-image size-full\"><img loading=\"lazy\" decoding=\"async\" width=\"225\" height=\"225\" src=\"https:\/\/balkanlitoptan.com.tr\/wp-content\/uploads\/2026\/04\/images.jpeg\" alt=\"\" class=\"wp-image-22\" style=\"aspect-ratio:4\/3;object-fit:cover\" srcset=\"https:\/\/balkanlitoptan.com.tr\/wp-content\/uploads\/2026\/04\/images.jpeg 225w, https:\/\/balkanlitoptan.com.tr\/wp-content\/uploads\/2026\/04\/images-150x150.jpeg 150w\" sizes=\"auto, (max-width: 225px) 100vw, 225px\" \/><\/figure>\n<\/div>\n\n\n\n<div class=\"wp-block-column is-layout-flow wp-block-column-is-layout-flow\">\n<figure class=\"wp-block-image size-full\"><img loading=\"lazy\" decoding=\"async\" width=\"400\" height=\"400\" src=\"https:\/\/balkanlitoptan.com.tr\/wp-content\/uploads\/2026\/04\/ToFN2s93_400x400-1.jpg\" alt=\"\" class=\"wp-image-23\" style=\"aspect-ratio:4\/3;object-fit:cover\" srcset=\"https:\/\/balkanlitoptan.com.tr\/wp-content\/uploads\/2026\/04\/ToFN2s93_400x400-1.jpg 400w, https:\/\/balkanlitoptan.com.tr\/wp-content\/uploads\/2026\/04\/ToFN2s93_400x400-1-300x300.jpg 300w, https:\/\/balkanlitoptan.com.tr\/wp-content\/uploads\/2026\/04\/ToFN2s93_400x400-1-150x150.jpg 150w\" sizes=\"auto, (max-width: 400px) 100vw, 400px\" \/><\/figure>\n<\/div>\n\n\n\n<div class=\"wp-block-column is-layout-flow wp-block-column-is-layout-flow\">\n<figure class=\"wp-block-image size-large\"><img loading=\"lazy\" decoding=\"async\" width=\"1024\" height=\"683\" src=\"https:\/\/balkanlitoptan.com.tr\/wp-content\/uploads\/2026\/04\/Fuska-Dogal-Kaynak-Suyu-Logo-Vector.svg--1024x683.png\" alt=\"\" class=\"wp-image-24\" style=\"aspect-ratio:4\/3;object-fit:cover\" srcset=\"https:\/\/balkanlitoptan.com.tr\/wp-content\/uploads\/2026\/04\/Fuska-Dogal-Kaynak-Suyu-Logo-Vector.svg--1024x683.png 1024w, https:\/\/balkanlitoptan.com.tr\/wp-content\/uploads\/2026\/04\/Fuska-Dogal-Kaynak-Suyu-Logo-Vector.svg--300x200.png 300w, https:\/\/balkanlitoptan.com.tr\/wp-content\/uploads\/2026\/04\/Fuska-Dogal-Kaynak-Suyu-Logo-Vector.svg--768x512.png 768w, https:\/\/balkanlitoptan.com.tr\/wp-content\/uploads\/2026\/04\/Fuska-Dogal-Kaynak-Suyu-Logo-Vector.svg--1536x1024.png 1536w, https:\/\/balkanlitoptan.com.tr\/wp-content\/uploads\/2026\/04\/Fuska-Dogal-Kaynak-Suyu-Logo-Vector.svg-.png 1875w\" sizes=\"auto, (max-width: 1024px) 100vw, 1024px\" \/><\/figure>\n<\/div>\n<\/div>\n<\/div>\n<\/div>\n\n\n\n<h3 class=\"wp-block-heading has-text-align-center\"><strong>Fiyat Teklifi Al<\/strong><\/h3>\n\n\n\n<div class=\"wp-block-buttons is-content-justification-center is-layout-flex wp-container-core-buttons-is-layout-a89b3969 wp-block-buttons-is-layout-flex\">\n<div class=\"wp-block-button\"><a class=\"wp-block-button__link has-vivid-green-cyan-background-color has-background wp-element-button\">Whatsapp<\/a><\/div>\n<\/div>\n\n\n\n<figure class=\"wp-block-image alignwide size-large\"><img loading=\"lazy\" decoding=\"async\" width=\"1024\" height=\"341\" src=\"https:\/\/balkanlitoptan.com.tr\/wp-content\/uploads\/2026\/04\/Paragraf-metniniz-6-1024x341.png\" alt=\"\" class=\"wp-image-25\" srcset=\"https:\/\/balkanlitoptan.com.tr\/wp-content\/uploads\/2026\/04\/Paragraf-metniniz-6-1024x341.png 1024w, https:\/\/balkanlitoptan.com.tr\/wp-content\/uploads\/2026\/04\/Paragraf-metniniz-6-300x100.png 300w, https:\/\/balkanlitoptan.com.tr\/wp-content\/uploads\/2026\/04\/Paragraf-metniniz-6-768x256.png 768w, https:\/\/balkanlitoptan.com.tr\/wp-content\/uploads\/2026\/04\/Paragraf-metniniz-6.png 1200w\" sizes=\"auto, (max-width: 1024px) 100vw, 1024px\" \/><\/figure>\n","protected":false},"excerpt":{"rendered":"<p>Toptan Sat\u0131\u015f\u0131n\u0131 Yapt\u0131\u011f\u0131m\u0131z Markalar Fiyat Teklifi Al<\/p>\n","protected":false},"author":1,"featured_media":0,"parent":0,"menu_order":0,"comment_status":"closed","ping_status":"closed","template":"","meta":{"site-sidebar-layout":"default","site-content-layout":"","ast-site-content-layout":"default","site-content-style":"default","site-sidebar-style":"default","ast-global-header-display":"","ast-banner-title-visibility":"","ast-main-header-display":"","ast-hfb-above-header-display":"","ast-hfb-below-header-display":"","ast-hfb-mobile-header-display":"","site-post-title":"disabled","ast-breadcrumbs-content":"","ast-featured-img":"","footer-sml-layout":"","ast-disable-related-posts":"","theme-transparent-header-meta":"","adv-header-id-meta":"","stick-header-meta":"","header-above-stick-meta":"","header-main-stick-meta":"","header-below-stick-meta":"","astra-migrate-meta-layouts":"default","ast-page-background-enabled":"default","ast-page-background-meta":{"desktop":{"background-color":"var(--ast-global-color-5)","background-image":"","background-repeat":"repeat","background-position":"center center","background-size":"auto","background-attachment":"scroll","background-type":"","background-media":"","overlay-type":"","overlay-color":"","overlay-opacity":"","overlay-gradient":""},"tablet":{"background-color":"","background-image":"","background-repeat":"repeat","background-position":"center center","background-size":"auto","background-attachment":"scroll","background-type":"","background-media":"","overlay-type":"","overlay-color":"","overlay-opacity":"","overlay-gradient":""},"mobile":{"background-color":"","background-image":"","background-repeat":"repeat","background-position":"center center","background-size":"auto","background-attachment":"scroll","background-type":"","background-media":"","overlay-type":"","overlay-color":"","overlay-opacity":"","overlay-gradient":""}},"ast-content-background-meta":{"desktop":{"background-color":"var(--ast-global-color-4)","background-image":"","background-repeat":"repeat","background-position":"center center","background-size":"auto","background-attachment":"scroll","background-type":"","background-media":"","overlay-type":"","overlay-color":"","overlay-opacity":"","overlay-gradient":""},"tablet":{"background-color":"var(--ast-global-color-4)","background-image":"","background-repeat":"repeat","background-position":"center center","background-size":"auto","background-attachment":"scroll","background-type":"","background-media":"","overlay-type":"","overlay-color":"","overlay-opacity":"","overlay-gradient":""},"mobile":{"background-color":"var(--ast-global-color-4)","background-image":"","background-repeat":"repeat","background-position":"center center","background-size":"auto","background-attachment":"scroll","background-type":"","background-media":"","overlay-type":"","overlay-color":"","overlay-opacity":"","overlay-gradient":""}},"footnotes":""},"class_list":["post-9","page","type-page","status-publish","hentry"],"_links":{"self":[{"href":"https:\/\/balkanlitoptan.com.tr\/index.php\/wp-json\/wp\/v2\/pages\/9","targetHints":{"allow":["GET"]}}],"collection":[{"href":"https:\/\/balkanlitoptan.com.tr\/index.php\/wp-json\/wp\/v2\/pages"}],"about":[{"href":"https:\/\/balkanlitoptan.com.tr\/index.php\/wp-json\/wp\/v2\/types\/page"}],"author":[{"embeddable":true,"href":"https:\/\/balkanlitoptan.com.tr\/index.php\/wp-json\/wp\/v2\/users\/1"}],"replies":[{"embeddable":true,"href":"https:\/\/balkanlitoptan.com.tr\/index.php\/wp-json\/wp\/v2\/comments?post=9"}],"version-history":[{"count":7,"href":"https:\/\/balkanlitoptan.com.tr\/index.php\/wp-json\/wp\/v2\/pages\/9\/revisions"}],"predecessor-version":[{"id":32,"href":"https:\/\/balkanlitoptan.com.tr\/index.php\/wp-json\/wp\/v2\/pages\/9\/revisions\/32"}],"wp:attachment":[{"href":"https:\/\/balkanlitoptan.com.tr\/index.php\/wp-json\/wp\/v2\/media?parent=9"}],"curies":[{"name":"wp","href":"https:\/\/api.w.org\/{rel}","templated":true}]}}